e n(602).
3
Let x(n) = -96*n**2 + 325*n + 357. Calculate x(4).
121
Let b(x) = 2*x**2 - 5888*x - 23624. Give b(-4).
-40
Let z(i) = -135*i + 21083. What is z(156)?
23
Let s(n) = 7*n**2 + 668*n + 2254. Determine s(-92).
46
Let m(z) = 2143*z - 68497. Give m(32).
79
Let d(l) = l**3 - 230*l**2 - 7193*l - 7948. Calculate d(258).
50
Let v(k) = 14*k**3 - 4*k**2 + 32*k + 86. What is v(-3)?
-424
Let p(d) = 43383*d + 86755. What is p(-2)?
-11
Let j(o) = -o**3 + 13*o**2 - 81*o + 714. Determine j(9).
309
Let o(j) = -2620*j - 2377. Give o(-1).
243
Let o(f) = f**3 + 6*f**2 - 962*f - 6661. Determine o(-7).
24
Let d(k) = 282*k + 2969. What is d(-14)?
-979
Let d(b) = -52023*b - 1612773. Calculate d(-31).
-60
Let q(c) = -14402*c - 576065. What is q(-40)?
15
Let h(w) = w**3 - 44*w**2 - 462*w + 1091. Determine h(2).
-1
Let q(o) = 47*o**2 - 63*o - 32. Calculate q(0).
-32
Let v(y) = -16*y**3 + 687*y**2 + 12*y + 121. Calculate v(43).
-1212
Let s(x) = -12762*x + 727458. Determine s(57).
24
Let z(g) = g**3 - g**2 - 1133*g + 8627. What is z(8)?
11
Let z(t) = 2*t**3 + 95*t**2 - 310*t + 2402. What is z(-51)?
5
Let k(o) = -o**3 - 19*o**2 + 5*o + 1080. Calculate k(-12).
12
Let p(t) = -68*t**2 + 658*t - 1504. Determine p(6).
-4
Let f(l) = -634*l + 190206. What is f(300)?
6
Let f(b) = 256865*b - 39557214. What is f(154)?
-4
Let o(d) = -40060*d - 320330. What is o(-8)?
150
Let l(v) = -6750*v - 40319. Give l(-6).
181
Let n(h) = 11*h**2 - 5271*h - 42240. Calculate n(-8).
632
Let w(r) = 996*r + 2209. What is w(-3)?
-779
Let s(k) = 1519*k - 17013. Determine s(12).
1215
Let x(z) = 4*z**2 - 16047*z - 48166. Calculate x(-3).
11
Let b(v) = -2634*v + 28745. Determine b(11).
-229
Let h(r) = -3*r**3 - 40*r**2 + 14*r + 19. Determine h(-5).
-676
Let x(n) = -52785*n - 9184596. Give x(-174).
-6
Let r(u) = -4*u**3 + 13*u**2 - 37*u - 5. Determine r(3).
-107
Let d(p) = 97*p**3 + 4*p**2 + 40*p - 104. Give d(2).
768
Let h(v) = -4*v**2 - 1008534*v + 2017077. Determine h(2).
-7
Let z(i) = -25*i**2 + 818*i + 2408. Calculate z(-3).
-271
Let l(v) = -16858*v + 505712. Calculate l(30).
-28
Let o(d) = 1085*d - 40. What is o(2)?
2130
Let u(b) = b**3 - 3467*b**2 + 27685*b + 57. Give u(8).
161
Let r(j) = 210*j**2 + 145524*j - 4143. Give r(-693).
15
Let f(m) = 20824*m + 562246. Calculate f(-27).
-2
Let x(a) = 59*a**2 - 103*a - 23. Give x(2).
7
Let w(c) = 5791*c - 12968. Calculate w(2).
-1386
Let s(c) = 141*c**2 - 42728*c + 1583. Determine s(303).
68
Let n(i) = -9*i**2 + 38*i + 37. Determine n(0).
37
Let d(v) = 80*v - 781. Give d(-3).
-1021
Let a(n) = 1504*n - 127726. Give a(85).
114
Let s(l) = -2980*l + 32819. Give s(11).
39
Let z(i) = -2*i**3 + 55*i**2 - 252*i - 7. Give z(5).
-142
Let g(n) = 411*n - 94964. Determine g(231).
-23
Let d(j) = -194*j + 17856. Determine d(94).
-380
Let l(t) = 515*t - 2823. Determine l(5).
-248
Let t(g) = g**3 - 1141*g**2 - 27956*g + 97. What is t(-24)?
1
Let f(u) = 4*u**3 + 419*u**2 + 8919*u - 454. Calculate f(-75).
-4
Let t(q) = 595*q**2 + 8931*q + 135. Give t(-15).
45
Let n(c) = 1600*c - 12829. Determine n(8).
-29
Let d(o) = -54*o**2 + 207*o + 49. Determine d(4).
13
Let t(x) = -70*x + 6152. What is t(84)?
272
Let f(p) = p**2 - 433*p + 40390. Calculate f(136).
-2
Let h(m) = -508*m**2 - 17292*m - 701. What is h(-34)?
-21
Let a(w) = -w**3 + 386*w**2 - 8437*w + 31953. What is a(363)?
9
Let b(d) = -4*d**2 - 97*d + 5556. Determine b(-51).
99
Let b(p) = p**2 + 72460*p + 362281. What is b(-5)?
6
Let v(s) = -14*s**2 + 169*s + 410. Determine v(14).
32
Let k(t) = -4081*t + 187458. Determine k(46).
-268
Let h(x) = -2543*x - 30499. Calculate h(-12).
17
Let m(o) = -o**2 + 171*o + 4079. Give m(-21).
47
Let f(n) = -266*n + 1650. Calculate f(8).
-478
Let l(m) = 564*m - 2107. Give l(3).
-415
Let l(f) = -f**3 + 35*f**2 - 206*f + 64. Determine l(17).
1764
Let a(z) = -2010*z + 8710. Give a(4).
670
Let n(j) = -j**3 - 1348*j**2 + 95*j + 128056. Give n(-1348).
-4
Let z(a) = a**3 + 673*a**2 - 4770*a + 68. What is z(7)?
-2
Let i(h) = -23*h**3 - 8880*h**2 - 774*h - 782. Determine i(-386).
-10
Let t(w) = 2*w**2 - 769*w - 86516. Determine t(-91).
25
Let o(z) = 5211*z**2 + 5230*z + 2. What is o(-1)?
-17
Let a(l) = 774*l**2 - 43*l - 4. Give a(1).
727
Let v(m) = 3*m**3 - 24*m**2 - 90*m + 71. What is v(10)?
-229
Let p(w) = -w**3 - 12*w**2 - 1675*w - 21849. Give p(-13).
95
Let r(v) = 416989*v + 4169909. Calculate r(-10).
19
Let l(v) = -1883*v - 239107. Give l(-127).
34
Let r(a) = 8*a**2 + 31*a - 123. Determine r(-5).
-78
Let s(f) = f**2 - 4327*f - 806560. Determine s(-179).
14
Let a(y) = 8*y**3 - 165*y**2 + 431*y - 7. Determine a(3).
17
Let k(z) = -1377309*z - 1377322. Determine k(-1).
-13
Let y(q) = -q**2 - 5122*q - 1057. Calculate y(0).
-1057
Let w(t) = 122*t + 19972. Determine w(-170).
-768
Let v(u) = 412*u - 36078. Give v(88).
178
Let k(n) = -5547*n - 27736. What is k(-5)?
-1
Let d(x) = -101*x**2 - 4348*x - 57. Determine d(-43).
158
Let o(l) = -3*l**3 - 18*l**2 + 201*l + 2506. Determine o(-11).
2110
Let b(f) = -5587*f - 1961058. Determine b(-351).
-21
Let a(d) = -25278*d - 75320. What is a(-3)?
514
Let f(h) = -2*h**3 + 13*h**2 + 129*h - 43. Calculate f(13).
-563
Let l(m) = -199*m + 17856. Calculate l(87).
543
Let i(t) = -1017*t - 13980. Determine i(-14).
258
Let d(l) = -118*l**2 + 130*l + 1524. Calculate d(-8).
-7068
Let o(v) = -441*v + 12362. Give o(28).
14
Let l(t) = 19645*t + 117984. Give l(-6).
114
Let i(y) = -165626*y + 496891. Calculate i(3).
13
Let f(x) = x**3 - 165*x**2 + 206*x - 33990. What is f(165)?
0
Let j(w) = -135*w**2 + 62*w + 126. Determine j(-2).
-538
Let r(u) = -6*u**2 + 5792*u - 51617. Give r(9).
25
Let h(y) = 2*y**2 + 258*y - 9075. Determine h(29).
89
Let w(k) = -2*k**3 - 195*k**2 - 291*k - 272. Give w(-96).
16
Let r(j) = -7681*j + 69023. Determine r(9).
-106
Let b(a) = 181*a - 35671. Calculate b(189).
-1462
Let f(k) = -k**3 + 26*k**2 + 1505*k + 13334. What is f(-16)?
6
Let b(j) = 1290*j + 3831. What is b(-3)?
-39
Let f(d) = 30027*d - 153552. Calculate f(5).
-3417
Let o(w) = -7289*w + 36890. Give o(5).
445
Let g(m) = -1346*m + 664918. Determine g(494).
-6
Let y(q) = -2803*q**2 + 75675*q + 158. Calculate y(27).
-4
Let g(w) = 2*w**2 + 519*w - 39077. Give g(61).
24
Let f(x) = -20*x**2 + 923*x + 1238. Calculate f(47).
439
Let t(a) = -5861*a + 11611. Give t(2).
-111
Let t(i) = i**3 + 45*i**2 - 29*i - 6646. What is t(-42)?
-136
Let y(s) = -8726*s + 25785. Give y(3).
-393
Let x(k) = -k**2 - 120040*k + 480159. Determine x(4).
-17
Let i(u) = 81782*u - 21345105. What is i(261)?
-3
Let v(u) = u**3 + 6*u**2 + 764*u + 2263. Determine v(-3).
-2
Let d(i) = -i**3 - 927*i**2 + 1759*i - 91964. What is d(-929)?
7
Let w(g) = -2019*g + 458351. Calculate w(227).
38
Let f(c) = -c**2 - 188*c - 3049. Determine f(-65).
4946
Let o(b) = -7*b**2 + 92*b + 28058. Determine o(-57).
71
Let z(g) = -245163*g - 4167795. Determine z(-17).
-24
Let f(k) = -k**3 - 14*k**2 - 278*k - 11246. What is f(-23)?
-91
Let k(r) = 280*r**2 - 2564*r - 2370. What is k(10)?
-10
Let j(m) = -m**3 - 21*m**2 + 46*m + 201. Calculate j(-5).
-429
Let a(b) = -3*b**3 - 49*b**2 - 24*b - 97. Determine a(-17).
889
Let s(t) = 6688*t - 35623. What is s(6)?
4505
Let z(w) = -1827*w - 202789. Give z(-111).
8
Let c(t) = 36215*t - 217328. Determine c(6).
-38
Let d(k) = 2*k**3 - 23*k**2 + 113*k - 237. What is d(5)?
3
Let b(x) = -39418*x + 250. Determine b(0).
250
Let f(x) = -143*x - 9483. Determine f(-78).
1671
Let g(a) = a**3 - 27*a**2 - 312*a + 8808. Determine g(19).
-8
Let s(u) = -25*u**2 + 1078*u + 255877. What is s(125)?
2
Let t(c) = -307320*c - 1843919. Give t(-6).
1
Let x(u) = -u**3 - 19*u**2 + 555*u + 1544. Give x(-34).
14
Let g(j) = -2*j**3 - 216*j**2 - 17*j - 1818. Determine g(-108).
18
Let l(t) = -376*t + 298. What is l(2)?
-454
Let j(i) = -91*i**2 + 272*i - 833. Determine j(3).
-836
Let u(p) = -72381*p + 1375251. Determine u(19).
12
Let l(x) = x**2 + 285*x - 28756. Calculate l(79).
0
Let q(f) = -9012*f - 252337. Determine q(-28).
-1
Let w(m) = -2629*m - 55196. Calculate w(-21).
13
Let x(d) = -2*d**3 + 185*d**2 - 2230*d - 1870. Give x(78).
626
Let j(c) = -26089*c + 1069645. What is j(41)?
-4
Let p(d) = -22*d**2 + 43*d - 272. Calculate p(6).
-806
Let b(k) = -k**3 + 71*k**2 - 1231*k + 267. Give b(31).
546
Let x(p) = -p**3 - 11*p**2 + 4224*p + 38182